 divisor of 47 and m.
47
Suppose 1 - 17 = -o. Let s(v) = v**2 + 6*v - 2. Let k be s(-6). Let f be ((-88)/8)/(k/32). What is the highest common divisor of o and f?
16
Let w be ((-124)/(-20) - 3)*10. Let o = w + -21. Calculate the highest common divisor of 11 and o.
11
Suppose 9 = -5*x + 4, 4*p - 243 = 3*x. What is the highest common divisor of p and 135?
15
Let s = 308 + -568. Suppose 29*t - 9600 = 9*t. Let u = s + t. What is the greatest common factor of 20 and u?
20
Let n = 350 + -346. What is the highest common factor of n and 32?
4
Let w(n) = 25*n**3 + 13*n**2 - 2*n + 2. Let d be w(2). Calculate the greatest common divisor of 30 and d.
10
Let i = 245 - 233. Let c(x) = x**3 + 8*x**2 + 6*x - 3. Let r be c(-7). What is the highest common factor of r and i?
4
Suppose -i + 6 - 1 = 0. Suppose 0 = i*l - 80 - 100. Calculate the highest common factor of l and 6.
6
Suppose -3*g = 2*v - 188, 3*g - 328 = -2*g + 4*v. Let f be 12/(((-414)/240)/(-23)). What is the greatest common divisor of f and g?
32
Let l be -42*(1/3)/((-23)/69). Let w(m) = -2*m**3 - 2*m**2 + 3*m + 3. Let r be w(-2). Suppose 389 = r*h - 136. What is the greatest common factor of h and l?
21
Suppose 5*c - 15 = -s + 3*c, -2*s - 10 = -4*c. Suppose -m - 2 = -2*m. What is the greatest common factor of m and s?
1
Suppose l = -u + 38, -100 = -3*u + 57*l - 53*l. Calculate the highest common factor of 46 and u.
2
Let u(n) = n**2 + 4*n. Suppose -3*w - 2 - 10 = 0. Let i be u(w). Let q be (-1 + i)*(-2 - 42). Calculate the highest common factor of q and 11.
11
Let h(q) = -2*q - 4. Let f(m) = -m**2 + 2*m + 4. Let a be f(4). Let y be h(a). Let b = 4459 - 4431. What is the greatest common divisor of y and b?
4
Suppose -4*f - 2*v + 161 + 33 = 0, 122 = 2*f - 4*v. Calculate the greatest common divisor of f and 17.
17
Let r be ((-696)/(-32))/((-2)/8). Let i = -24 - r. Let h be ((-6)/(-15))/2 + 170/25. Calculate the highest common factor of h and i.
7
Let h = 1199 - 2528. Let p be 10/(-35) + h/(-21). What is the highest common factor of 42 and p?
21
Let j be (2 - 1) + 0 - 5. Let o be (-1)/4 + 27/j. Let d(c) = -c - 2. Let t be d(o). Calculate the highest common factor of t and 45.
5
Suppose 55 = 2*h - m - 100, 5*m = 4*h - 307. What is the highest common divisor of 104 and h?
26
Let y(f) = f**2 + 2*f + 6. Let b be y(-5). Suppose -18*i + 21*i - 315 = 0. What is the highest common factor of b and i?
21
Let p be (-26 + -4)/(-5) - 3. Let g be 265/40 + p/8. What is the highest common divisor of g and 1?
1
Let n = 119 + -61. What is the greatest common factor of n and 29?
29
Let u be ((12210/(-75))/(-1))/((-2)/(-5)). What is the greatest common divisor of u and 88?
11
Suppose 2*a + a - 37 = w, 0 = 2*a + 4*w - 48. Suppose 2*k + d - 2 + 49 = 0, -5*d + 95 = -5*k. Let l = k + 176. Calculate the highest common divisor of a and l.
14
Let g = -68 - -71. Suppose v - 341 = -3*w + 2*w, 0 = v + g*w - 339. What is the greatest common factor of 38 and v?
38
Let s = -15 - -26. Let t = s + -26. Let k = t + 18. What is the greatest common divisor of 18 and k?
3
Let q be ((-7)/4)/(3/((-108)/3)). Suppose c + 18 = 3*a, 0 = -2*a - 2*c - 0 + 20. Calculate the highest common factor of a and q.
7
Let s = -62 + 105. Let m = -4 + s. Calculate the greatest common divisor of m and 13.
13
Let b = 346 + -308. Calculate the highest common factor of b and 266.
38
Let n(f) = -4*f - 4. Let x be n(-3). Suppose 4*v + 5*y - 17 = 2*v, -3*y = -v - 8. What is the greatest common divisor of v and x?
1
Suppose -3*c + 3*j + 59 = 20, -3*j - 3 = c. Calculate the highest common factor of c and 123.
3
Let h = 223 + 49. Calculate the highest common divisor of h and 119.
17
Suppose 154 = -27*v + 1045. Calculate the greatest common factor of v and 12.
3
Suppose 3*g - 3*b = 15, -g = -0*g + 3*b - 25. Let s(f) = -f**2 + 11*f + 18. Let l be s(g). Calculate the greatest common divisor of 42 and l.
14
Let a be ((-3)/6)/(4/(-176)). Suppose 18*p = a*p - 24. Let h be ((-66)/(-10))/(3/30). What is the highest common divisor of h and p?
6
Suppose -4*l + 672 + 32 = 0. Calculate the greatest common divisor of 132 and l.
44
Let x be (7 + -11)/(6/(-4) - -1). Let c = 2 + 2. Let l be c/(-10)*10/(-4). What is the greatest common factor of x and l?
1
Let f = 501 - 473. What is the highest common divisor of 14 and f?
14
Let f be -26*(-8)/(-6)*18/(-12). What is the highest common factor of f and 4?
4
Let n be (124*(-4 + 3))/(-1). What is the greatest common divisor of 93 and n?
31
Let b = 100 + -70. Suppose -4*u + 9*u = b. What is the highest common divisor of 4 and u?
2
Let z be ((-34)/4 + 0)*-16. Suppose -z = -3*j - 4*o, 4 = -o - o. Suppose 3*l + j = 243. Calculate the highest common factor of 13 and l.
13
Suppose 5*a = r - 5*r, -7 = -3*r - 2*a. Suppose -r*x + x - 32 = 0. Let o = x - -14. What is the highest common factor of o and 66?
6
Let v = -33 - -27. Let r be 280/v*(-18)/12. Suppose j + r = 2*j. Calculate the greatest common divisor of j and 14.
14
Let x(p) = p**3 - 2*p**2 - 11*p + 15. Let s be x(5). Calculate the highest common divisor of s and 133.
7
Suppose 2*y = 0, -19 = -2*f + 5*y + 33. Let w = 18 + 164. Calculate the greatest common divisor of f and w.
26
Suppose 8*v = 4*v + 8. Suppose -2*d - 14 = -3*r - 0, -4*d - 12 = v*r. Calculate the highest common factor of 16 and r.
2
Let g be 2/5 - (-50553)/205. Calculate the highest common divisor of 13 and g.
13
Let p(f) = f**3 + 12*f**2 - 13*f + 2. Let g be p(-13). Suppose 0 = -m + 4*i - 19, -2*i = g*m - 7*m - 5. Calculate the greatest common divisor of m and 11.
1
Let n(h) = -h**2 - 2*h + 22. Let b be n(0). Suppose 51 - 216 = -5*g. Calculate the greatest common factor of g and b.
11
Let o = 162 - 129. What is the greatest common divisor of o and 121?
11
Suppose -62 = -4*x + 26. Suppose 0 = -76*z + 70*z + 396. What is the highest common divisor of x and z?
22
Let j(l) = 3 - 12 + 2*l + l**2 - 9*l - 18. Let o be j(17). What is the highest common factor of o and 13?
13
Let c = 31 - -1. Suppose 4*u = -4*a + c, 2*u - 3*u = -5*a + 64. Calculate the highest common divisor of a and 3.
3
Suppose -13*s = 429 - 481. What is the highest common factor of 324 and s?
4
Let s be -18*2*17/(-34). Calculate the highest common factor of s and 4.
2
Let l be 27 - (10 - 4 - 4). Suppose 5*k = l, -5*k + 34 = -y + 2*y. Calculate the highest common factor of y and 9.
9
Let n = 7 + -7. Let i(q) = -q**2 + q + 12. Let y be i(n). Suppose b = -5*r + 10, 4*r + 52 = 4*b + y. Calculate the highest common factor of 80 and b.
10
Suppose -22*r + 669 = -255. Calculate the greatest common factor of r and 1050.
42
Let b(j) = 2*j**2 + 50*j + 186. Let x be b(-4). Calculate the highest common divisor of x and 1206.
18
Suppose 13*d = 12*d + 550. Let r be (-8)/28 - 1056/(-21). What is the greatest common factor of r and d?
50
Suppose 1 - 7 = -3*k, -k - 3428 = -5*u. Let m be (-72)/(-14)*u/28. Let l = -24 + 38. Calculate the highest common factor of l and m.
14
Suppose b + 3*b = 12. Let y(f) be the second derivative of f**3/6 - f**2 - 20*f. Let w be y(3). Calculate the highest common factor of b and w.
1
Suppose 11 = 3*q + u, 3*u - 2*u + 9 = 2*q. Suppose -q*n + 42 = -82. Calculate the greatest common divisor of 248 and n.
31
Let p(x) = 42*x - 70. Let g be p(4). Calculate the highest common factor of 21 and g.
7
Suppose 18*i = 12*i + 180. What is the greatest common divisor of 120 and i?
30
Suppose 2 = -13*q + 132. Suppose 5*p - 5*g - 136 = 4, q = -5*g. Calculate the highest common factor of p and 65.
13
Let p be -46*(2 - 3/2). Let c = p - -33. Suppose -9*i = -13*i + 8. What is the highest common divisor of i and c?
2
Let c be (1 - -35)/(4/16). Suppose 0 = 2*z + 4*b - 0*b - 150, 0 = -2*z + b + 170. Let v = -67 + z. Calculate the greatest common factor of v and c.
16
Let w be -4*2*3/(-12). Suppose 0*b - 32 = -2*b. Suppose 3*z - 64 + b = q, 16 = z - 2*q. Calculate the greatest common divisor of w and z.
2
Suppose -57 - 293 = -10*k. What is the greatest common factor of k and 20?
5
Suppose -5*a + 4 - 14 = 0. Let g be -1*(3*a + -3). Let s = 73 - 67. Calculate the greatest common divisor of s and g.
3
Suppose 5*o + 15 = 0, -3*y = -2*y - 3*o - 18. Let b = y + -5. What is the highest common factor of 12 and b?
4
Let b(k) = -7*k - 5. Let y be b(-7). Suppose -2*f + 2*x = -67 + 1